8026b3
In base 6, what is -44540 + 20523?
-24013
In base 3, what is -12011010001 + -122002?
-12011202010
In base 5, what is -11 - -11403043304?
11403043243
In base 16, what is -471832 - -e?
-471824
In base 15, what is -3 - b9612a0?
-b9612a3
In base 9, what is -7234616 - -4?
-7234612
In base 14, what is -221c + 1481a?
125dc
In base 5, what is 3 + -4242141023?
-4242141020
In base 8, what is -21 + -2364503?
-2364524
In base 9, what is 4 + -2437761?
-2437756
In base 9, what is -343523 + 26?
-343486
In base 7, what is -3 - 564662?
-564665
In base 5, what is 211002040 + -233?
211001302
In base 15, what is -4a - b54c5?
-b5520
In base 15, what is 2a5e + -4a7?
25a7
In base 10, what is -101501 - 571?
-102072
In base 15, what is -4 - 1c010596?
-1c01059a
In base 14, what is b17bc3 + -2?
b17bc1
In base 3, what is 2 + 202112221202002020?
202112221202002022
In base 11, what is 5 + 5228025?
522802a
In base 15, what is -3b9bd4 + -61?
-3b9c45
In base 5, what is -4 + 431232213?
431232204
In base 12, what is 76 + 1240?
12b6
In base 14, what is 1416 + 19d3?
3009
In base 15, what is -3d74d1a + 3?
-3d74d17
In base 4, what is 3303311 - -121321?
10031232
In base 12, what is 65443 + -6b?
65394
In base 14, what is -205ca + 871?
-1db59
In base 14, what is 3d93 + -4a74b?
-46798
In base 2, what is -1001110101010110111000110 + 1000?
-1001110101010110110111110
In base 11, what is -56 + -76228?
-76283
In base 11, what is -36377 - -8501?
-28976
In base 11, what is -19a7140 - -10?
-19a7130
In base 10, what is -6700 + 46?
-6654
In base 14, what is -81daad9 - 2?
-81daadb
In base 13, what is 20cc02 - 22?
20cbb0
In base 16, what is 95 + -191ce?
-19139
In base 6, what is -511120253 - 0?
-511120253
In base 15, what is 8b - -2b08d9?
2b0975
In base 11, what is -2307a + 98?
-22a92
In base 9, what is -4616008 - 20?
-4616028
In base 16, what is 5481137 - -6?
548113d
In base 8, what is -1 - 131363353?
-131363354
In base 16, what is 59e44 - -484?
5a2c8
In base 8, what is -1375 + -23660?
-25255
In base 15, what is 12c + -3167?
-303a
In base 16, what is 155977 + 59?
1559d0
In base 11, what is -464 - 200a51?
-201405
In base 2, what is 1000111 - 1001110101010110111?
-1001110101001110000
In base 10, what is -3 + -3079530?
-3079533
In base 4, what is 1021 + 13012123033?
13012130120
In base 15, what is -b1 - 22e0e?
-22ec0
In base 10, what is 6100332 + 14?
6100346
In base 15, what is 225cce2 + -5?
225ccdc
In base 7, what is 1 + 1062444236?
1062444240
In base 5, what is 0 - -32022123?
32022123
In base 4, what is 203 - 21200221003?
-21200220200
In base 8, what is -4 - 70350055?
-70350061
In base 14, what is -c75 - -546?
-72d
In base 11, what is 2185182 + 20?
21851a2
In base 15, what is -60a899 + 4?
-60a895
In base 14, what is 6c20d56 + 5?
6c20d5b
In base 16, what is -94 + -6e645?
-6e6d9
In base 14, what is -97 + 56d07a?
56cdc3
In base 14, what is 6 - 102773?
-10276b
In base 6, what is 105305005445 - -1?
105305005450
In base 15, what is 610 + -15bbe0?
-15b5d0
In base 11, what is 147a3 + 2621?
17314
In base 16, what is -4b1 + a589?
a0d8
In base 15, what is -4 - 2193bea?
-2193bee
In base 3, what is 1021121 + 200002022?
201100220
In base 10, what is -20281 - -17736?
-2545
In base 10, what is -16916 + -5472?
-22388
In base 11, what is -4 + -4720468?
-4720471
In base 14, what is 28a + -b962?
-b6b6
In base 11, what is 107523a + 10?
107524a
In base 9, what is -284256 + 471?
-283675
In base 2, what is -100010100011101101 + 10001000010?
-100010010010101011
In base 11, what is 2 - -3a437615?
3a437617
In base 9, what is 367 - -862531?
863008
In base 5, what is 1413102 + -3004?
1410043
In base 13, what is ca15c3a + -8?
ca15c32
In base 14, what is -dcc5d + -1a6?
-dd025
In base 14, what is 1027ba + -100?
1026ba
In base 15, what is -114c4 + 643?
-10d81
In base 5, what is -32 - 231231323?
-231231410
In base 4, what is 1233310312301 - -2?
1233310312303
In base 9, what is 700 - 86141?
-85341
In base 12, what is a7 + 8260?
8347
In base 4, what is -10123 - 200121210?
-200131333
In base 3, what is -1011 + 122221210210110?
122221210202022
In base 12, what is -1 - -58ba17?
58ba16
In base 11, what is -a5 + -2a4278?
-2a4372
In base 3, what is -2010210101 + -20100100?
-2101010201
In base 2, what is -1011010111101000000 + -110?
-1011010111101000110
In base 8, what is 10032 + -12137?
-2105
In base 11, what is -1472 + -123089?
-124550
In base 11, what is -611 - 2078?
-2689
In base 7, what is -450304 + -121?
-450425
In base 14, what is 2 - -2077b06?
2077b08
In base 15, what is -2 + -2db4be?
-2db4c1
In base 15, what is -2bb + -12d11?
-130cc
In base 11, what is 16 + -151335?
-15131a
In base 8, what is -4 - -567374016?
567374012
In base 5, what is 424131443 + 401?
424132344
In base 7, what is 44 + -301152051?
-301152004
In base 2, what is -101010101100100000011 - 10110?
-101010101100100011001
In base 16, what is -9db7e2 + -17?
-9db7f9
In base 8, what is -2356 - 426604?
-431162
In base 8, what is 105314140 - 103?
105314035
In base 16, what is 172cd + f9?
173c6
In base 10, what is -154018207 - 2?
-154018209
In base 5, what is 1 + 233311241?
233311242
In base 11, what is 485 + 1729?
2103
In base 13, what is -1084 + -2b2?
-1366
In base 5, what is 4214203 + 40?
4214243
In base 13, what is -c4 - 261?
-355
In base 2, what is 1010101000110 - -110001101011010?
111100010100000
In base 14, what is a74c - -221?
a96d
In base 8, what is 22570275 - -4?
22570301
In base 14, what is 37 + 34c1?
3518
In base 9, what is -7 + 45784771?
45784763
In base 10, what is 1132726 - 11?
1132715
In base 3, what is -201222120222022002 + 12?
-201222120222021220
In base 6, what is 3105145551 + -5?
3105145542
In base 12, what is 2101 - -16152?
18253
In base 13, what is 15a0787 + 23?
15a07aa
In base 11, what is -65 - 74035?
-7409a
In base 5, what is -30124103223 - -1?
-30124103222
In base 3, what is 2 + -1200020122110?
-1200020122101
In base 5, what is -243310000 + 24?
-243304421
In base 16, what is -22118 - 1e3?
-222fb
In base 14, what is d050 - 28?
d026
In base 2, what is -100011111110101101011 - 110?
-100011111110101110001
In base 8, what is 12 - 100127?
-100115
In base 12, what is -6 + -804a1a0?
-804a1a6
In base 5, what is 12 - -14010422300?
14010422312
In base 7, what is -11 - -66602554?
66602543
In base 9, what is -2217625 - 12?
-2217637
In base 15, what is -1162d8 + 61?
-116277
In base 14, what is d295 - -3a?
d2d1
In base 8, what is -76212136 - 2?
-76212140
In base 13, what is 71 + -230c9?
-23058
In base 8, what is -612656053 - 1?
-612656054
In base 3, what is 12202021221110 + 110220?
12202022102100
In base 8, what is 102635 - 600?
102035
In base 9, what is 63376 + 1034?
64421
In base 4, what is -10 + -21213033010?
-21213033020
In base 8, what is 3217 - 161215?
-155776
In base 3, what is -112 + -21220110000?
-21220110112
In base 9, what is -18882683 - 5?
-18882688
In base 4, what is 1121230 - 1300001?
-112111
In base 16, what is 4b2d2 + 7?
4b2d9
In base 9, what is -242820465 + 14?
-242820451
In base 6, what is -22041 - 34055?
-100140
In base 3, what is 20 + -20211011001?
-20211010211
In base 5, what is 3 - 21144122042?
-21144122034
In base 13, what is -c780c0 + 9?
-c780b4
In base 9, what is -250854 + 74?
-250770
In base 6, what is 3014344 - 21?
3014323
In base 7, what is 102455113 - 0?
102455113
In base 10, what is -296398 + 172?
-296226
In base 16, what is -939d00 + -40?
-939d40
In base 13, what is -21b83 - 107b?
-22c31
In base 12, what is 91013b7 - 0?
91013b7
In base 3, what is 10210021101110202200 + 1?
10210021101110202201
In base 6, what is 3 + -340102313?
-340102310
In base 7, what is -245245662 + -3?
-245245665
In base 11, what is 14 + 1102175?
1102189
In base 13, what is 61 - 6b74?
-6b13
In base 13, what is -1a4c2 - -77a?
-19a45
In base 6, what is -13 + -255111555?
-255112012
In base 9, what is 2 - 441071?
-441068
In base 4, what is -10221 + -10103001103?
-10103011330
In base 9, what is 14 - -3037281?
3037305
In base 2, what is -100010101011 - 101010101?
-101000000000
In base 10, what is 3 - -1004418?
1004421
In base 7, what is -6606 + 24062?
14153
In base 16, what is -3b7 - -4445?
408e
In base 16, what is 1891d - 6a?
188b3
In base 16, what is 300edbf - -a?
300edc9
In base 8, what is 1130031 - -1365?
1131416
In base 15, what is 28 + 1aa26?
1aa4e
In b